{"id":5977,"date":"2026-04-25T20:05:13","date_gmt":"2026-04-25T20:05:13","guid":{"rendered":"https:\/\/lori-camicie.com\/?post_type=product&#038;p=5977"},"modified":"2026-04-25T20:05:13","modified_gmt":"2026-04-25T20:05:13","slug":"majica-nisam-svoja","status":"publish","type":"product","link":"https:\/\/lori-camicie.com\/en\/proizvod\/majica-nisam-svoja\/","title":{"rendered":"Majica NISAM SVOJA"},"content":{"rendered":"<p>NISAM SVOJA.<\/p>\n<p>Jer nekad je lepo ne biti ozbiljna.<\/p>\n<p>Nekad je lepo biti samo &#8211; svoja na svoj na\u010din.<\/p>\n<p>Siva majica sa crte\u017eom napred koji odmah privla\u010di pa\u017enju.<\/p>\n<p>Model sa prirodnim padom na ramenima daje utisak blagih naramenica, iako ih nema.<\/p>\n<p>Opu\u0161ten kroj koji lepo stoji i lako se uklapa u sve.<\/p>\n<ul>\n<li>siva boja<\/li>\n<li>crte\u017e napred<\/li>\n<li>prirodan pad na ramenima<\/li>\n<li>efekat naramenica bez naramenica<\/li>\n<li>udoban, opu\u0161ten model<\/li>\n<\/ul>\n<p>&nbsp;<\/p>\n","protected":false},"excerpt":{"rendered":"<p>NISAM SVOJA.<\/p>\n<p>Jer nekad je lepo ne biti ozbiljna.<\/p>\n<p>Nekad je lepo biti samo &#8211; svoja na svoj na\u010din.<\/p>\n<p>Siva majica sa crte\u017eom napred koji odmah privla\u010di pa\u017enju.<\/p>\n<p>Model sa prirodnim padom na ramenima daje utisak blagih naramenica, iako ih nema.<\/p>\n<p>Opu\u0161ten kroj koji lepo stoji i lako se uklapa u sve.<\/p>\n<ul>\n<li>siva boja<\/li>\n<li>crte\u017e napred<\/li>\n<li>prirodan pad na ramenima<\/li>\n<li>efekat naramenica bez naramenica<\/li>\n<li>udoban, opu\u0161ten model<\/li>\n<\/ul>\n<p>&nbsp;<\/p>\n","protected":false},"featured_media":5983,"template":"","meta":{"_monsterinsights_skip_tracking":false,"_monsterinsights_sitenote_active":false,"_monsterinsights_sitenote_note":"","_monsterinsights_sitenote_category":0},"product_cat":[132,98],"product_tag":[],"class_list":["post-5977","product","type-product","status-publish","has-post-thumbnail","hentry","product_cat-majice","product_cat-women"],"yoast_head":"<!-- This site is optimized with the Yoast SEO plugin v21.7 - https:\/\/yoast.com\/wordpress\/plugins\/seo\/ -->\n<title>Majica NISAM SVOJA - Lori<\/title>\n<meta name=\"robots\" content=\"index, follow, max-snippet:-1, max-image-preview:large, max-video-preview:-1\" \/>\n<link rel=\"canonical\" href=\"https:\/\/lori-camicie.com\/en\/proizvod\/majica-nisam-svoja\/\" \/>\n<meta property=\"og:locale\" content=\"en_US\" \/>\n<meta property=\"og:type\" content=\"article\" \/>\n<meta property=\"og:title\" content=\"Majica NISAM SVOJA - Lori\" \/>\n<meta property=\"og:description\" content=\"NISAM SVOJA.  Jer nekad je lepo ne biti ozbiljna.  Nekad je lepo biti samo - svoja na svoj na\u010din.  Siva majica sa crte\u017eom napred koji odmah privla\u010di pa\u017enju.  Model sa prirodnim padom na ramenima daje utisak blagih naramenica, iako ih nema.  Opu\u0161ten kroj koji lepo stoji i lako se uklapa u sve.   siva boja  crte\u017e napred  prirodan pad na ramenima  efekat naramenica bez naramenica  udoban, opu\u0161ten model  &nbsp;\" \/>\n<meta property=\"og:url\" content=\"https:\/\/lori-camicie.com\/proizvod\/majica-nisam-svoja\/\" \/>\n<meta property=\"og:site_name\" content=\"Lori\" \/>\n<meta property=\"article:publisher\" content=\"https:\/\/www.facebook.com\/loricamicie\" \/>\n<meta property=\"og:image\" content=\"https:\/\/lori-camicie.com\/wp-content\/uploads\/2026\/04\/20260425_162116-scaled.jpg\" \/>\n\t<meta property=\"og:image:width\" content=\"2557\" \/>\n\t<meta property=\"og:image:height\" content=\"2560\" \/>\n\t<meta property=\"og:image:type\" content=\"image\/jpeg\" \/>\n<meta name=\"twitter:card\" content=\"summary_large_image\" \/>\n<meta name=\"twitter:label1\" content=\"Est. reading time\" \/>\n\t<meta name=\"twitter:data1\" content=\"1 minute\" \/>\n<script type=\"application\/ld+json\" class=\"yoast-schema-graph\">{\"@context\":\"https:\/\/schema.org\",\"@graph\":[{\"@type\":\"WebPage\",\"@id\":\"https:\/\/lori-camicie.com\/proizvod\/majica-nisam-svoja\/\",\"url\":\"https:\/\/lori-camicie.com\/proizvod\/majica-nisam-svoja\/\",\"name\":\"Majica NISAM SVOJA - Lori\",\"isPartOf\":{\"@id\":\"https:\/\/lori-camicie.com\/#website\"},\"datePublished\":\"2026-04-25T20:05:13+00:00\",\"dateModified\":\"2026-04-25T20:05:13+00:00\",\"breadcrumb\":{\"@id\":\"https:\/\/lori-camicie.com\/proizvod\/majica-nisam-svoja\/#breadcrumb\"},\"inLanguage\":\"en-US\",\"potentialAction\":[{\"@type\":\"ReadAction\",\"target\":[\"https:\/\/lori-camicie.com\/proizvod\/majica-nisam-svoja\/\"]}]},{\"@type\":\"BreadcrumbList\",\"@id\":\"https:\/\/lori-camicie.com\/proizvod\/majica-nisam-svoja\/#breadcrumb\",\"itemListElement\":[{\"@type\":\"ListItem\",\"position\":1,\"name\":\"\u041f\u043e\u0447\u0435\u0442\u043d\u0430\",\"item\":\"https:\/\/lori-camicie.com\/en\/\"},{\"@type\":\"ListItem\",\"position\":2,\"name\":\"Shop\",\"item\":\"https:\/\/lori-camicie.com\/en\/shop\/\"},{\"@type\":\"ListItem\",\"position\":3,\"name\":\"Majica NISAM SVOJA\"}]},{\"@type\":\"WebSite\",\"@id\":\"https:\/\/lori-camicie.com\/#website\",\"url\":\"https:\/\/lori-camicie.com\/\",\"name\":\"Lori ko\u0161ulje za decu\",\"description\":\"Unique shirts from children&#039;s imagination\",\"publisher\":{\"@id\":\"https:\/\/lori-camicie.com\/#organization\"},\"potentialAction\":[{\"@type\":\"SearchAction\",\"target\":{\"@type\":\"EntryPoint\",\"urlTemplate\":\"https:\/\/lori-camicie.com\/?s={search_term_string}\"},\"query-input\":\"required name=search_term_string\"}],\"inLanguage\":\"en-US\"},{\"@type\":\"Organization\",\"@id\":\"https:\/\/lori-camicie.com\/#organization\",\"name\":\"Lori Camicie\",\"url\":\"https:\/\/lori-camicie.com\/\",\"logo\":{\"@type\":\"ImageObject\",\"inLanguage\":\"en-US\",\"@id\":\"https:\/\/lori-camicie.com\/#\/schema\/logo\/image\/\",\"url\":\"https:\/\/lori-camicie.com\/wp-content\/uploads\/2020\/08\/lori-logo.svg\",\"contentUrl\":\"https:\/\/lori-camicie.com\/wp-content\/uploads\/2020\/08\/lori-logo.svg\",\"width\":170,\"height\":170,\"caption\":\"Lori Camicie\"},\"image\":{\"@id\":\"https:\/\/lori-camicie.com\/#\/schema\/logo\/image\/\"},\"sameAs\":[\"https:\/\/www.facebook.com\/loricamicie\",\"https:\/\/www.instagram.com\/lori.camicie\/\"]}]}<\/script>\n<!-- \/ Yoast SEO plugin. -->","yoast_head_json":{"title":"Majica NISAM SVOJA - Lori","robots":{"index":"index","follow":"follow","max-snippet":"max-snippet:-1","max-image-preview":"max-image-preview:large","max-video-preview":"max-video-preview:-1"},"canonical":"https:\/\/lori-camicie.com\/en\/proizvod\/majica-nisam-svoja\/","og_locale":"en_US","og_type":"article","og_title":"Majica NISAM SVOJA - Lori","og_description":"NISAM SVOJA.  Jer nekad je lepo ne biti ozbiljna.  Nekad je lepo biti samo - svoja na svoj na\u010din.  Siva majica sa crte\u017eom napred koji odmah privla\u010di pa\u017enju.  Model sa prirodnim padom na ramenima daje utisak blagih naramenica, iako ih nema.  Opu\u0161ten kroj koji lepo stoji i lako se uklapa u sve.   siva boja  crte\u017e napred  prirodan pad na ramenima  efekat naramenica bez naramenica  udoban, opu\u0161ten model  &nbsp;","og_url":"https:\/\/lori-camicie.com\/proizvod\/majica-nisam-svoja\/","og_site_name":"Lori","article_publisher":"https:\/\/www.facebook.com\/loricamicie","og_image":[{"width":2557,"height":2560,"url":"https:\/\/lori-camicie.com\/wp-content\/uploads\/2026\/04\/20260425_162116-scaled.jpg","type":"image\/jpeg"}],"twitter_card":"summary_large_image","twitter_misc":{"Est. reading time":"1 minute"},"schema":{"@context":"https:\/\/schema.org","@graph":[{"@type":"WebPage","@id":"https:\/\/lori-camicie.com\/proizvod\/majica-nisam-svoja\/","url":"https:\/\/lori-camicie.com\/proizvod\/majica-nisam-svoja\/","name":"Majica NISAM SVOJA - Lori","isPartOf":{"@id":"https:\/\/lori-camicie.com\/#website"},"datePublished":"2026-04-25T20:05:13+00:00","dateModified":"2026-04-25T20:05:13+00:00","breadcrumb":{"@id":"https:\/\/lori-camicie.com\/proizvod\/majica-nisam-svoja\/#breadcrumb"},"inLanguage":"en-US","potentialAction":[{"@type":"ReadAction","target":["https:\/\/lori-camicie.com\/proizvod\/majica-nisam-svoja\/"]}]},{"@type":"BreadcrumbList","@id":"https:\/\/lori-camicie.com\/proizvod\/majica-nisam-svoja\/#breadcrumb","itemListElement":[{"@type":"ListItem","position":1,"name":"\u041f\u043e\u0447\u0435\u0442\u043d\u0430","item":"https:\/\/lori-camicie.com\/en\/"},{"@type":"ListItem","position":2,"name":"Shop","item":"https:\/\/lori-camicie.com\/en\/shop\/"},{"@type":"ListItem","position":3,"name":"Majica NISAM SVOJA"}]},{"@type":"WebSite","@id":"https:\/\/lori-camicie.com\/#website","url":"https:\/\/lori-camicie.com\/","name":"Lori ko\u0161ulje za decu","description":"Unique shirts from children&#039;s imagination","publisher":{"@id":"https:\/\/lori-camicie.com\/#organization"},"potentialAction":[{"@type":"SearchAction","target":{"@type":"EntryPoint","urlTemplate":"https:\/\/lori-camicie.com\/?s={search_term_string}"},"query-input":"required name=search_term_string"}],"inLanguage":"en-US"},{"@type":"Organization","@id":"https:\/\/lori-camicie.com\/#organization","name":"Lori Camicie","url":"https:\/\/lori-camicie.com\/","logo":{"@type":"ImageObject","inLanguage":"en-US","@id":"https:\/\/lori-camicie.com\/#\/schema\/logo\/image\/","url":"https:\/\/lori-camicie.com\/wp-content\/uploads\/2020\/08\/lori-logo.svg","contentUrl":"https:\/\/lori-camicie.com\/wp-content\/uploads\/2020\/08\/lori-logo.svg","width":170,"height":170,"caption":"Lori Camicie"},"image":{"@id":"https:\/\/lori-camicie.com\/#\/schema\/logo\/image\/"},"sameAs":["https:\/\/www.facebook.com\/loricamicie","https:\/\/www.instagram.com\/lori.camicie\/"]}]}},"_links":{"self":[{"href":"https:\/\/lori-camicie.com\/en\/wp-json\/wp\/v2\/product\/5977\/"}],"collection":[{"href":"https:\/\/lori-camicie.com\/en\/wp-json\/wp\/v2\/product\/"}],"about":[{"href":"https:\/\/lori-camicie.com\/en\/wp-json\/wp\/v2\/types\/product\/"}],"wp:featuredmedia":[{"embeddable":true,"href":"https:\/\/lori-camicie.com\/en\/wp-json\/wp\/v2\/media\/5983\/"}],"wp:attachment":[{"href":"https:\/\/lori-camicie.com\/en\/wp-json\/wp\/v2\/media\/?parent=5977"}],"wp:term":[{"taxonomy":"product_cat","embeddable":true,"href":"https:\/\/lori-camicie.com\/en\/wp-json\/wp\/v2\/product_cat\/?post=5977"},{"taxonomy":"product_tag","embeddable":true,"href":"https:\/\/lori-camicie.com\/en\/wp-json\/wp\/v2\/product_tag\/?post=5977"}],"curies":[{"name":"wp","href":"https:\/\/api.w.org\/{rel}","templated":true}]}}

<p>NISAM SVOJA.</p>
<p>Jer nekad je lepo ne biti ozbiljna.</p>
<p>Nekad je lepo biti samo &#8211; svoja na svoj način.</p>
<p>Siva majica sa crtežom napred koji odmah privlači pažnju.</p>
<p>Model sa prirodnim padom na ramenima daje utisak blagih naramenica, iako ih nema.</p>
<p>Opušten kroj koji lepo stoji i lako se uklapa u sve.</p>
<ul>
<li>siva boja</li>
<li>crtež napred</li>
<li>prirodan pad na ramenima</li>
<li>efekat naramenica bez naramenica</li>
<li>udoban, opušten model</li>
</ul>
<p>&nbsp;</p>

<!-- This site is optimized with the Yoast SEO plugin v21.7 - https://yoast.com/wordpress/plugins/seo/ -->
<title>Majica NISAM SVOJA - Lori</title>
<meta name="robots" content="index, follow, max-snippet:-1, max-image-preview:large, max-video-preview:-1" />
<link rel="canonical" href="https://lori-camicie.com/en/proizvod/majica-nisam-svoja/" />
<meta property="og:locale" content="en_US" />
<meta property="og:type" content="article" />
<meta property="og:title" content="Majica NISAM SVOJA - Lori" />
<meta property="og:description" content="NISAM SVOJA.  Jer nekad je lepo ne biti ozbiljna.  Nekad je lepo biti samo - svoja na svoj način.  Siva majica sa crtežom napred koji odmah privlači pažnju.  Model sa prirodnim padom na ramenima daje utisak blagih naramenica, iako ih nema.  Opušten kroj koji lepo stoji i lako se uklapa u sve.   siva boja  crtež napred  prirodan pad na ramenima  efekat naramenica bez naramenica  udoban, opušten model  &nbsp;" />
<meta property="og:url" content="https://lori-camicie.com/proizvod/majica-nisam-svoja/" />
<meta property="og:site_name" content="Lori" />
<meta property="article:publisher" content="https://www.facebook.com/loricamicie" />
<meta property="og:image" content="https://lori-camicie.com/wp-content/uploads/2026/04/20260425_162116-scaled.jpg" />
	<meta property="og:image:width" content="2557" />
	<meta property="og:image:height" content="2560" />
	<meta property="og:image:type" content="image/jpeg" />
<meta name="twitter:card" content="summary_large_image" />
<meta name="twitter:label1" content="Est. reading time" />
	<meta name="twitter:data1" content="1 minute" />
<script type="application/ld+json" class="yoast-schema-graph">{"@context":"https://schema.org","@graph":[{"@type":"WebPage","@id":"https://lori-camicie.com/proizvod/majica-nisam-svoja/","url":"https://lori-camicie.com/proizvod/majica-nisam-svoja/","name":"Majica NISAM SVOJA - Lori","isPartOf":{"@id":"https://lori-camicie.com/#website"},"datePublished":"2026-04-25T20:05:13+00:00","dateModified":"2026-04-25T20:05:13+00:00","breadcrumb":{"@id":"https://lori-camicie.com/proizvod/majica-nisam-svoja/#breadcrumb"},"inLanguage":"en-US","potentialAction":[{"@type":"ReadAction","target":["https://lori-camicie.com/proizvod/majica-nisam-svoja/"]}]},{"@type":"BreadcrumbList","@id":"https://lori-camicie.com/proizvod/majica-nisam-svoja/#breadcrumb","itemListElement":[{"@type":"ListItem","position":1,"name":"Почетна","item":"https://lori-camicie.com/en/"},{"@type":"ListItem","position":2,"name":"Shop","item":"https://lori-camicie.com/en/shop/"},{"@type":"ListItem","position":3,"name":"Majica NISAM SVOJA"}]},{"@type":"WebSite","@id":"https://lori-camicie.com/#website","url":"https://lori-camicie.com/","name":"Lori košulje za decu","description":"Unique shirts from children&#039;s imagination","publisher":{"@id":"https://lori-camicie.com/#organization"},"potentialAction":[{"@type":"SearchAction","target":{"@type":"EntryPoint","urlTemplate":"https://lori-camicie.com/?s={search_term_string}"},"query-input":"required name=search_term_string"}],"inLanguage":"en-US"},{"@type":"Organization","@id":"https://lori-camicie.com/#organization","name":"Lori Camicie","url":"https://lori-camicie.com/","logo":{"@type":"ImageObject","inLanguage":"en-US","@id":"https://lori-camicie.com/#/schema/logo/image/","url":"https://lori-camicie.com/wp-content/uploads/2020/08/lori-logo.svg","contentUrl":"https://lori-camicie.com/wp-content/uploads/2020/08/lori-logo.svg","width":170,"height":170,"caption":"Lori Camicie"},"image":{"@id":"https://lori-camicie.com/#/schema/logo/image/"},"sameAs":["https://www.facebook.com/loricamicie","https://www.instagram.com/lori.camicie/"]}]}</script>
<!-- / Yoast SEO plugin. -->

NISAM SVOJA.  Jer nekad je lepo ne biti ozbiljna.  Nekad je lepo biti samo - svoja na svoj način.  Siva majica sa crtežom napred koji odmah privlači pažnju.  Model sa prirodnim padom na ramenima daje utisak blagih naramenica, iako ih nema.  Opušten kroj koji lepo stoji i lako se uklapa u sve.   siva boja  crtež napred  prirodan pad na ramenima  efekat naramenica bez naramenica  udoban, opušten model  &nbsp;

Почетна

Lori košulje za decu
